 -4525. What is the remainder when 95 is divided by s?
7
Suppose 0 = 12*z + 1538 - 1910. What is the remainder when z is divided by 12?
7
Let h(o) = 17*o + 7. Let f be h(-11). Suppose 0 = -4*c + 4 - 0, -151 = -3*k - c. Calculate the remainder when k is divided by (648/f)/((-2)/10).
14
Let i = -26960 + 27535. What is the remainder when i is divided by 71?
7
Let t(a) = 85*a**2 - 85*a + 20. What is the remainder when t(1) is divided by 7/((2/(-4))/(-1))?
6
Let r(c) = c**3 - 17*c**2 + 29*c + 16. Let x be r(15). Calculate the remainder when 2*(-3)/(-18)*(200 + x) is divided by 19.
10
Let m(f) = f + 10. Let d be m(-3). Let y(a) = a**2 - 15*a + 37. What is the remainder when y(17) is divided by 15 + d + (-4)/1?
17
What is the remainder when 67/134 + 3638/4 is divided by 114?
112
Let i(f) = -18*f - 12 - 13*f + 9*f. Let p be i(-4). Let v = p + -68. Calculate the remainder when 37 is divided by v.
5
Let s(n) = n**2 + 12*n + 27. Let f be s(-9). Let k be (-4 + -35)/(-1) - f. Suppose -249 = -6*t - k. Calculate the remainder when t is divided by 13.
9
Suppose -22786 + 3450 = -233*y + 4430. Suppose -12 = 2*i - 34. What is the remainder when y is divided by i?
3
What is the remainder when 300 is divided by 743/6 - (966/36 + -26)?
54
Let h(z) = -2*z**2 - 217*z - 520. Calculate the remainder when 8739 is divided by h(-106).
9
Let x = 13177 + -12431. Calculate the remainder when 791 is divided by x.
45
Suppose 5*f = 15*f + 330. Let r(h) = -2*h - 45. What is the remainder when 60 is divided by r(f)?
18
Suppose -16*b = -18*b + 270. What is the remainder when (b/4)/15*4/3 is divided by 2?
1
Suppose -993 = -417*m + 408*m + 1149. Calculate the remainder when m is divided by 50.
38
Let n(s) = -s**2 + 126*s + 1520. What is the remainder when 2425 is divided by n(-11)?
7
What is the remainder when 382 is divided by (-76)/(-57)*135/20?
4
Suppose -2*c - 17*c = -1444. Calculate the remainder when (-54)/(-135) + (-1498)/(-5) is divided by c.
72
Let w(d) = -6*d - 376. Calculate the remainder when w(-73) is divided by 15.
2
Suppose 0 = -v - 924 + 1200. Calculate the remainder when 729 is divided by v.
177
Let j(z) = 2*z**3 - 91*z**2 - 239*z + 59. Calculate the remainder when j(48) is divided by (1/(-1))/(2/(-46)).
15
Let m = 784 - 780. Suppose 0 = -i + u + 9, -17 + 5 = -m*u. Suppose -83 = -g + 35. Calculate the remainder when g is divided by i.
10
What is the remainder when (1/(-2))/((-29)/12238) is divided by 155?
56
Let w(d) = -d**2 - 14*d - 9. Let z be w(-8). Suppose -2*o - 25 - 27 = -3*n, 3*o = -2*n + z. What is the remainder when 195 is divided by n?
15
Let q = -6710 + 7424. Calculate the remainder when q is divided by 55.
54
Let d be 7929/(-15) - 4/10. Let l = 652 + d. Calculate the remainder when l is divided by 18.
15
Let b = 104 - -14. What is the remainder when b is divided by ((-122)/3)/(34/(-51))?
57
Suppose -10*z + 921 = 1739 - 7048. What is the remainder when z is divided by 32?
15
Suppose -3*d + 7 + 113 = 0. Let n = -379 - -382. Suppose -q + 5*q - 57 = -n*l, 3*q - l = 46. What is the remainder when d is divided by q?
10
What is the remainder when 110 is divided by 1 - 144/9*-1?
8
Suppose 17*k + 1298 = -7*k + 4154. What is the remainder when 473 is divided by k?
116
Let s(i) = -23. Let v(w) = -w + 47. Let h(n) = -5*s(n) - 2*v(n). Let a be h(-12). Calculate the remainder when (-184)/a + (-14)/(-21) is divided by 16.
14
Suppose -4*i = -3*x - 65, 2*i + 36 = 5*i + 2*x. What is the remainder when (-2)/(-13) - 1476/(-39) is divided by i?
10
Suppose -3*g = 2*g + 3*u - 12382, -2*g + u + 4955 = 0. What is the remainder when g is divided by 31?
28
Let n = 3353 - 3351. Calculate the remainder when 422 is divided by n.
0
Let q(z) = 2*z**2 - 32*z - 112. What is the remainder when q(20) is divided by 25?
23
Let i = 3552 + -3484. Calculate the remainder when 406 is divided by i.
66
Let o(z) = z**3 - 4*z**2 - z - 6. Let i be o(5). Let d = -139032 - -139049. What is the remainder when d is divided by (-51)/(-7) + (-4)/i?
3
Suppose -61*w - 890 = -66*w. Let j = w - 127. Calculate the remainder when 252 is divided by j.
48
Let f be (-6)/(-18) + 4/(-12). Suppose -96 = -4*n - k, f = -n - 0*n - 2*k + 17. What is the remainder when 48 is divided by n?
23
Suppose 34*l - 12*l - 1961 = -289. Let d = 314 + -178. Calculate the remainder when d is divided by l.
60
What is the remainder when -30*7*(-198)/231 is divided by 151?
29
Let m(c) = 203*c + 2. Let w be m(1). Suppose 3*l = 2*k - w, -4*k + 2*l = -9*k + 541. Let f = k - 79. Calculate the remainder when 164 is divided by f.
24
Suppose 0 = -5*w - 10*n + 225, -6*w = -8*w + 4*n + 154. Calculate the remainder when 355 is divided by w.
50
What is the remainder when 19/(-7*8/(-672)) is divided by 50/(-175) + 1*298/14?
18
Suppose -1448 + 448 = -125*q. Calculate the remainder when 4423 is divided by q.
7
Suppose f + 4*h - 25 = 5*h, -54 = -2*f + 4*h. Let b(k) = k - 1. Let x be b(2). Suppose x = i - f. What is the remainder when 69 is divided by i?
21
Suppose 0 = -2*k + 6*k - 60. Suppose 4*r - 113 = k. What is the remainder when r is divided by 9?
5
Let m = -32 - -72. Let z be ((-39)/24*14)/(1/(-4)). Let o = 105 - z. What is the remainder when m is divided by o?
12
Let k(t) = t**3 + 44*t**2 - 231*t - 41. What is the remainder when k(-36) is divided by 55?
53
Let d = -2 - -4. Suppose -y + 514 = 4*o - 138, -2*y + 332 = d*o. Suppose -16*s - 4*s - 3*s = -759. Calculate the remainder when o is divided by s.
30
What is the remainder when 750 is divided by -3 - (6 + 15 + -325)?
148
Let n be (3/4)/((-13)/4420). Let z = n + 359. Calculate the remainder when z is divided by (1 + -4)*9/(-1).
23
Let r(y) = 3*y + 61. Let i be r(-12). Let c be i - 23 - (0 - 0). Suppose -41 = -3*w + 5*p, -c*p - 1 = 1. What is the remainder when 22 is divided by w?
10
Suppose -5*t + 21 = 4*a, -23 = -17*t + 12*t - 2*a. Suppose 3*h + 2*x - 258 = 0, h + x = t*h - 344. What is the remainder when h is divided by 23?
17
Let u be 5/(-15) - 1561/(-3). Let s = u - 432. Calculate the remainder when 171 is divided by s.
83
Let v = -37 - -38. Calculate the remainder when (-19)/(-4) - (-6)/24 is divided by (-205)/(-123) - (-1)/3*v.
1
Suppose 0 = 3*w - 7*w - 20, 3*n - 29 = 4*w. Let z(r) = 10*r - 20. Let o(k) = 10*k - 2. Calculate the remainder when o(6) is divided by z(n).
8
What is the remainder when 480 is divided by 142 + 17 - (-3 - (-10)/5)?
0
Suppose 5*n + 3358 + 3277 = 3*a, -2*a = -3*n - 4422. What is the remainder when a is divided by 731?
12
Let f(z) = 2*z**2 + z + 1. Let s be f(2). Let x = s + -26. Let r = x + 42. What is the remainder when r is divided by 10?
7
Let s(f) = -f + 2. Let a be s(3). Let j be a/(-8) - (-1 - 87/8). What is the remainder when (6/(-4))/((-3)/j) is divided by 5?
1
Let g(v) = v**3 + 13*v**2 + 4*v + 4. Let t be (-63)/(-2) + (-1)/(-4)*2. Let y = -44 + t. What is the remainder when g(y) is divided by 34?
32
Suppose 0 = s + 4*n - 0*n - 16, -2*n = 2*s - 20. Suppose -a + s = -12. Calculate the remainder when a is divided by 10/(4/(-14)*-1 + 874/1596).
8
Suppose 2*g - 2*a = 16, 0 = -g + 2*a + 45 - 34. Calculate the remainder when 5 is divided by g.
0
Let u(v) = -34*v - 49. Let m be u(-7). Let k be (36/10)/(m/(-30) - -6). What is the remainder when 34 is divided by (-123)/k + 3/(-12)?
4
Suppose x = -i + 112, 2*x + 76 + 414 = 4*i. What is the remainder when 7493 is divided by i?
115
Suppose 0 = -284*x + 278*x + 18. Suppose -105 = -x*d + 3*f + 33, f = 1. Calculate the remainder when 204 is divided by d.
16
Suppose 5*h - 118 + 73 = 0. Let x(l) = 3*l**2 - 17*l. What is the remainder when x(h) is divided by 33?
24
Let h(d) = -5*d - 14. Let l be h(-6). Let a(y) = 2*y**2 - 26*y + 43. What is the remainder when a(l) is divided by 47?
45
Suppose 857*o - 4 = 855*o. Suppose o*v + 643 = 893. Calculate the remainder when v is divided by 42.
41
Let q(f) = -6*f**3 + 51*f**2 + 16*f - 138. Calculate the remainder when q(8) is divided by 47.
41
Let q be 833/51 - (-1)/(-3). Suppose q*k - 1272 = 12376. What is the remainder when k is divided by 19?
17
Let y = 5931 - 5894. Calculate the remainder when 55 is divided by y.
18
What is the remainder when (-429)/(-22)*(-38 - -52) is divided by 246?
27
Let a(x) = x**3 + 4*x**2 - 4*x - 1. Let w be a(-4). Suppose 0 = 11*q - 6*q - w. Let r(k) =